790539
What are the prime factors of 304123?
29, 10487
What are the prime factors of 7087947?
3, 2362649
What are the prime factors of 323288?
2, 7, 23, 251
List the prime factors of 94985.
5, 11, 157
List the prime factors of 323218.
2, 7, 23087
List the prime factors of 99443.
277, 359
What are the prime factors of 386901?
3, 42989
What are the prime factors of 56078?
2, 11, 2549
List the prime factors of 19608529.
19608529
What are the prime factors of 660930?
2, 3, 5, 22031
List the prime factors of 2282393.
2282393
What are the prime factors of 3292431?
3, 353, 3109
List the prime factors of 145369.
7, 19, 1093
List the prime factors of 244077.
3, 81359
List the prime factors of 32176.
2, 2011
List the prime factors of 369932.
2, 23, 4021
What are the prime factors of 2795032?
2, 349379
What are the prime factors of 634710?
2, 3, 5, 21157
List the prime factors of 39535939.
97, 407587
List the prime factors of 3175525.
5, 37, 3433
What are the prime factors of 414296?
2, 51787
What are the prime factors of 13948127?
67, 409, 509
List the prime factors of 2819065.
5, 563813
What are the prime factors of 1465022?
2, 13, 29, 67
What are the prime factors of 183926?
2, 41, 2243
What are the prime factors of 1567315?
5, 17, 18439
What are the prime factors of 182470?
2, 5, 71, 257
What are the prime factors of 6582308?
2, 607, 2711
List the prime factors of 7010074.
2, 1699, 2063
List the prime factors of 6604440.
2, 3, 5, 47, 1171
List the prime factors of 14878286.
2, 23, 323441
What are the prime factors of 6257614?
2, 11, 461, 617
What are the prime factors of 4246820?
2, 5, 59, 61
List the prime factors of 1562342.
2, 781171
List the prime factors of 552448.
2, 13, 83
List the prime factors of 14682462.
2, 3, 2447077
List the prime factors of 605720.
2, 5, 19, 797
List the prime factors of 410173.
410173
List the prime factors of 472267.
347, 1361
What are the prime factors of 172602?
2, 3, 43, 223
What are the prime factors of 1045173?
3, 137, 2543
What are the prime factors of 252730?
2, 5, 127, 199
What are the prime factors of 657375?
3, 5, 1753
List the prime factors of 142933.
7, 2917
What are the prime factors of 246619?
17, 89, 163
What are the prime factors of 11198681?
13, 861437
List the prime factors of 21394.
2, 19, 563
List the prime factors of 11713969.
17, 23, 29959
What are the prime factors of 105828?
2, 3, 8819
List the prime factors of 468289.
468289
What are the prime factors of 493967?
493967
What are the prime factors of 3701973?
3, 11, 112181
List the prime factors of 520995.
3, 5, 47, 739
What are the prime factors of 2055777?
3, 103, 6653
What are the prime factors of 137987?
43, 3209
List the prime factors of 22532316.
2, 3, 1877693
What are the prime factors of 2353255?
5, 470651
What are the prime factors of 6700944?
2, 3, 137, 1019
What are the prime factors of 581685?
3, 5, 13, 19, 157
What are the prime factors of 4850493?
3, 23, 70297
List the prime factors of 1180499.
47, 25117
List the prime factors of 1366276.
2, 341569
What are the prime factors of 15692918?
2, 557, 14087
What are the prime factors of 17436722?
2, 79, 110359
What are the prime factors of 10036119?
3, 23, 145451
What are the prime factors of 218491?
7, 13
What are the prime factors of 490296?
2, 3, 31, 659
What are the prime factors of 1366054?
2, 193, 3539
List the prime factors of 5884262.
2, 19, 154849
What are the prime factors of 591141?
3, 17, 67, 173
List the prime factors of 1263135.
3, 5, 107, 787
What are the prime factors of 10022365?
5, 23, 87151
What are the prime factors of 288042?
2, 3, 61, 787
What are the prime factors of 15412132?
2, 17, 226649
List the prime factors of 562218.
2, 3, 93703
List the prime factors of 35611379.
17, 2094787
List the prime factors of 226399.
47, 4817
List the prime factors of 328253.
17, 19309
List the prime factors of 9448910.
2, 5, 653, 1447
What are the prime factors of 604179?
3, 7459
List the prime factors of 235542.
2, 3, 37, 1061
List the prime factors of 332772.
2, 3, 11, 2521
List the prime factors of 1213829.
1213829
List the prime factors of 15052.
2, 53, 71
List the prime factors of 1004388.
2, 3, 7, 11, 1087
What are the prime factors of 1857159?
3, 206351
List the prime factors of 1242508.
2, 310627
What are the prime factors of 324801?
3, 151, 239
List the prime factors of 12140365.
5, 2428073
List the prime factors of 617112.
2, 3, 2857
What are the prime factors of 6379147?
2113, 3019
List the prime factors of 1424503.
1424503
List the prime factors of 3565188.
2, 3, 11, 3001
List the prime factors of 5901095.
5, 1180219
List the prime factors of 3909710.
2, 5, 7, 79, 101
What are the prime factors of 2537395?
5, 7, 72497
List the prime factors of 6421546.
2, 17, 188869
What are the prime factors of 576047?
397, 1451
List the prime factors of 6404397.
3, 709, 3011
List the prime factors of 331500.
2, 3, 5, 13, 17
List the prime factors of 1600190.
2, 5, 160019
What are the prime factors of 37829?
11, 19, 181
List the prime factors of 186511.
13, 14347
List the prime factors of 490475.
5, 23, 853
What are the prime factors of 3241227?
3, 11, 8929
List the prime factors of 6698638.
2, 269, 12451
What are the prime factors of 1151365?
5, 230273
What are the prime factors of 4309287?
3, 1436429
What are the prime factors of 4830830?
2, 5, 101, 4783
What are the prime factors of 499127?
499127
What are the prime factors of 10903076?
2, 2725769
What are the prime factors of 7941863?
1693, 4691
List the prime factors of 16863147.
3, 7, 29741
List the prime factors of 11950.
2, 5, 239
What are the prime factors of 350151?
3, 19, 6143
What are the prime factors of 29789?
29789
List the prime factors of 22381474.
2, 11190737
What are the prime factors of 13955498?
2, 41, 170189
List the prime factors of 5909882.
2, 11, 24421
What are the prime factors of 4820568?
2, 3, 353, 569
What are the prime factors of 2914535?
5, 13, 44839
List the prime factors of 17743348.
2, 7, 43, 14737
List the prime factors of 902151.
3, 33413
What are the prime factors of 94462?
2, 73, 647
List the prime factors of 5065917.
3, 59, 28621
What are the prime factors of 829155?
3, 5, 167, 331
What are the prime factors of 438373?
13, 33721
What are the prime factors of 163144?
2, 20393
List the prime factors of 115732.
2, 28933
What are the prime factors of 1645410?
2, 3, 5, 13, 4219
List the prime factors of 4026077.
11, 41, 79, 113
List the prime factors of 1247619.
3, 415873
List the prime factors of 1127398.
2, 241, 2339
What are the prime factors of 66419?
17, 3907
List the prime factors of 9809793.
3, 7, 47, 3313
What are the prime factors of 2282330?
2, 5, 228233
List the prime factors of 320620.
2, 5, 17, 23, 41
What are the prime factors of 22800035?
5, 31, 147097
List the prime factors of 107066.
2, 17, 47, 67
List the prime factors of 99293.
31, 3203
List the prime factors of 9219921.
3, 19, 161753
List the prime factors of 28048.
2, 1753
List the prime factors of 222506.
2, 111253
What are the prime factors of 2743077?
3, 914359
List the prime factors of 210435.
3, 5, 14029
List the prime factors of 2410954.
2, 7, 13, 1019
What are the prime factors of 162709?
162709
List the prime factors of 125728.
2, 3929
What are the prime factors of 242380?
2, 5, 12119
List the prime factors of 615948.
2, 3, 51329
What are the prime factors of 299363?
299363
What are the prime factors of 9827222?
2, 61, 109, 739
List the prime factors of 123986.
2, 47, 1319
List the prime factors of 821657.
29, 977
What are the prime factors of 8701039?
8701039
What are the prime factors of 161845?
5, 32369
List the prime factors of 1791314.
2, 7, 127951
List the prime factors of 586850.
2, 5, 11, 97
List the prime factors of 34583139.
3, 1280857
What are the prime factors of 183315?
3, 5, 11, 101
List the prime factors of 512082.
2, 3, 29, 109
What are the prime factors of 98833?
7, 2017
What are the prime factors of 97448?
2, 13, 937
What are the prime factors of 193892?
2, 48473
List the prime factors of 3773647.
19, 198613
List the prime factors of 17511505.
5, 11, 29, 10979
List the prime factors of 9762289.
1381, 7069
What are the prime factors of 365404?
2, 13, 7027
What are the prime factors of 5152088?
2, 17, 4